ite?
False
Is 141092363 a composite number?
False
Is 146120519 a composite number?
True
Is 2906957 composite?
True
Is 7983967 a prime number?
False
Is 236229431 a prime number?
True
Is 14464057 a composite number?
False
Is 484019 prime?
True
Is 49404869 a composite number?
False
Is 250936541 prime?
False
Is 398525277 prime?
False
Is 3221327 prime?
True
Is 2523251 prime?
True
Is 737381 composite?
True
Is 4749029 a prime number?
True
Is 105420269 prime?
True
Is 2285603 prime?
False
Is 17606903 a composite number?
False
Is 435613789 a composite number?
True
Is 2681803 prime?
True
Is 378274535 composite?
True
Is 11938399 a composite number?
True
Is 171292673 composite?
False
Is 42082723 a composite number?
False
Is 573203 prime?
False
Is 4885201 prime?
True
Is 165951731 composite?
True
Is 76073 composite?
True
Is 693587 composite?
True
Is 21604753 prime?
False
Is 6534527 a prime number?
False
Is 38504287 prime?
True
Is 61062421 a composite number?
True
Is 9312353 composite?
True
Is 18181 a composite number?
False
Is 9440849 composite?
True
Is 25034899 a composite number?
True
Is 402989 prime?
False
Is 3543467 composite?
False
Is 102761 prime?
True
Is 43544869 prime?
True
Is 18893135 prime?
False
Is 4026565 a prime number?
False
Is 1505622823 composite?
False
Is 247279 a composite number?
False
Is 634958399 composite?
True
Is 4476419 prime?
False
Is 38227909 composite?
True
Is 15178393 a composite number?
False
Is 39228779 prime?
True
Is 1624963 a prime number?
True
Is 3591359 prime?
True
Is 76949207 prime?
False
Is 10275311 a composite number?
False
Is 16298147 composite?
True
Is 1276709 composite?
True
Is 5530001 prime?
True
Is 1413835 a composite number?
True
Is 49954369 composite?
False
Is 1064467 composite?
False
Is 5152879 prime?
False
Is 246340007 a composite number?
True
Is 32096123 composite?
True
Is 15228287 composite?
True
Is 6542513 a prime number?
True
Is 1587899 a prime number?
True
Is 140096487 composite?
True
Is 22102085 a composite number?
True
Is 17540911 prime?
False
Is 1728869 composite?
True
Is 15694223 a prime number?
False
Is 18869407 prime?
False
Is 18390833 a composite number?
False
Is 38125943 composite?
False
Is 277483 prime?
True
Is 3373819 a prime number?
False
Is 913687 a prime number?
True
Is 39711013 a composite number?
True
Is 6112481 a prime number?
False
Is 140627 a prime number?
True
Is 20254907 composite?
True
Is 475901 a composite number?
True
Is 121531259 prime?
True
Is 14687053 prime?
True
Is 1365011 prime?
True
Is 35353751 prime?
False
Is 54456799 composite?
False
Is 5508151 a prime number?
False
Is 38594993 prime?
True
Is 8075909 prime?
True
Is 1048387 a composite number?
False
Is 25616413 prime?
True
Is 16597487 prime?
False
Is 310746529 a composite number?
True
Is 341111 composite?
True
Is 39362621 a prime number?
True
Is 9788029 composite?
False
Is 2021257 a prime number?
False
Is 2329021 prime?
False
Is 6279541 a composite number?
False
Is 4370893 a prime number?
False
Is 163415969 prime?
True
Is 162061903 composite?
True
Is 332832415 a composite number?
True
Is 1391317 a prime number?
True
Is 887573953 a prime number?
False
Is 27763211 composite?
True
Is 121879 a prime number?
False
Is 10312957 a composite number?
False
Is 5684713 composite?
False
Is 4658831 a composite number?
False
Is 235337 a prime number?
True
Is 92279093 a composite number?
True
Is 605026337 a composite number?
True
Is 11701721 a composite number?
False
Is 16156421 a composite number?
True
Is 4353197 composite?
True
Is 89190277 prime?
False
Is 178598891 a prime number?
True
Is 485433839 prime?
False
Is 103578599 prime?
True
Is 615871 a prime number?
False
Is 476845651 a prime number?
False
Is 122882251 a prime number?
False
Is 883283 composite?
True
Is 2910449 a composite number?
False
Is 1453796087 composite?
False
Is 181054697 a prime number?
False
Is 5431759 a composite number?
True
Is 1089791 composite?
True
Is 8268283 a composite number?
False
Is 6043967 prime?
True
Is 89653 prime?
True
Is 1045693 a prime number?
False
Is 1069865 prime?
False
Is 317864707 a composite number?
False
Is 8453089 a prime number?
True
Is 11813457 a composite number?
True
Is 52613 a prime number?
False
Is 1417903 a prime number?
False
Is 13013593 composite?
False
Is 5665677 prime?
False
Is 63752257 a composite number?
True
Is 6599981 composite?
False
Is 20703913 a composite number?
False
Is 194026801 a prime number?
False
Is 356002903 a composite number?
False
Is 59198791 a composite number?
True
Is 10907263 a prime number?
True
Is 3008759 prime?
False
Is 3491071 a prime number?
True
Is 180580937 prime?
False
Is 148129889 prime?
True
Is 2128303 a composite number?
False
Is 114067951 prime?
False
Is 258913387 prime?
True
Is 189768077 a prime number?
True
Is 34904165 a prime number?
False
Is 315866857 prime?
True
Is 1831243 a prime number?
True
Is 3006573 a composite number?
True
Is 137779 composite?
True
Is 114324695 prime?
False
Is 2386853 prime?
False
Is 450907 prime?
False
Is 485823617 composite?
True
Is 6331145 a prime number?
False
Is 254242579 a prime number?
True
Is 183967037 prime?
False
Is 11348137 a prime number?
False
Is 3563011 a prime number?
False
Is 15564041 a prime number?
True
Is 25471751 composite?
False
Is 5945817 prime?
False
Is 263715061 prime?
True
Is 34513351 prime?
True
Is 411588137 a composite number?
False
Is 11819807 prime?
False
Is 53188789 prime?
True
Is 46642747 prime?
False
Is 7273517 composite?
True
Is 3419743 composite?
True
Is 14299487 a prime number?
True
Is 282674773 composite?
False
Is 22783105 composite?
True
Is 23347 a prime number?
False
Is 2101237 prime?
True
Is 66639857 a composite number?
True
Is 380082581 prime?
True
Is 56233319 a composite number?
False
Is 7911031 composite?
True
Is 164639063 composite?
False
Is 3395438 composite?
True
Is 106050201 prime?
False
Is 1031129 a prime number?
False
Is 90635231 composite?
True
Is 129562753 prime?
True
Is 77102783 composite?
True
Is 35348129 composite?
True
Is 16818463 composite?
True
Is 42349523 composite?
False
Is 645682313 a prime number?
True
Is 1284505 prime?
False
Is 4220093 a prime number?
False
Is 7498886 a prime number?
False
Is 7095659 prime?
False
Is 115499891 a composite number?
True
Is 359929 composite?
False
Is 13361801 a composite number?
False
Is 21380687 a prime number?
True
Is 136639157 prime?
False
Is 124107307 prime?
False
Is 28698473 composite?
True
Is 150342511 composite?
True
Is 717107 prime?
False
Is 189755 composite?
True
Is 43836627 composite?
True
Is 269257 a composite number?
False
Is 3114901 composite?
True
Is 723703 composite?
True
Is 1255682 a prime number?
False
Is 2909059 composite?
False
Is 7695161 a prime number?
False
Is 5574229 prime?
True
Is 3188191 a prime number?
False
Is 13328995 composite?
True
Is 58199507 prime?
True
Is 4548839 prime?
False
Is 6424277 composite?
False
Is 1279727 a composite number?
False
Is 7245957 a composite number?
True
Is 12950669 composite?
False
Is 8477467 composite?
True
Is 2218709 prime?
True
Is 4282273 composite?
False
Is 630043 prime?
True
Is 4686431 prime?
True
Is 56855067 a prime number?
False
Is 182477 a composite number?
True
Is 84661831 composite?
False
Is 26217561 prime?
False
Is 4257391 a prime number?
True
Is 1353463 a composite number?
False
Is 42794677 a prime number?
True
Is 676441291 composite?
False
Is 16242119 a composite number?
True
Is 35973701 a prime number?
True
Is 90173 prime?
True
Is 1333951 a composite number?
True
Is 7480279 a composite number?
True
Is 651059 a composite number?
True
Is 20216191 prime?
True
Is 5302721 a composite number?
False
Is 7263545 a composite number?
True
Is 22707781 composite?
False
Is 2607659 a composite number?
False
Is 26494331 composite?
True
Is 8582447 a prime number?
True
Is 21577973 a prime number?
True
Is 6189427 prime?
False
Is 4490371 composite?
False
Is 5969105 a prime number?
False
Is 11966543 prime?
True
Is 823507 composite?
True
Is 170268643 a prime number?
True
Is 21307807 a composite number?
False
Is 35403857 a prime number?
False
Is 220081 prime?
False
Is 1051385 composite?
True
Is 458119 composite?
False
Is 2039951 prime?
True
Is 14150399 a prime number?
False
Is 9616163 composite?
True
Is 13207687 composite?
False
Is 184696